 -u + 6. Let t(r) = -11*s(r) + 4*x(r). Let o be t(0). What is the remainder when 50 is divided by l(o)?
11
Let f = 32 - -20. Let w = -27 + f. Calculate the remainder when w is divided by 9.
7
Calculate the remainder when 130 is divided by (-1 + (-1 - -3))/(9/243).
22
Let r be -5 + -16 - (-6 + 3). Calculate the remainder when 44 is divided by 176/(-66)*r/4.
8
Suppose 15 = -5*i, -2*d + 23 = -11*i + 12*i. Suppose -7 = -4*u + 1. Suppose 0*h + 12 = -u*g - 5*h, 16 = 5*g + h. Calculate the remainder when d is divided by g.
1
Let l be (-1556)/(-30) + 10/75. Suppose 4*v + 4*h - l = 0, 4*h = 5*v + 1 - 66. Calculate the remainder when 36 is divided by v.
10
Let y(n) = -8*n**3 - 8*n**2 - 9*n - 12. Calculate the remainder when 100 is divided by y(-2).
24
Suppose 77 - 53 = 3*f. Calculate the remainder when 125 is divided by f.
5
Let q be 4/(24/(-15) + 2). Let c = q + -10. Suppose c*h - h = -7. What is the remainder when h is divided by 6?
1
Let d = 295 + -244. What is the remainder when d is divided by 14?
9
Suppose -3*w = -6*y + 7*y - 3, -y = 4*w + 1. Calculate the remainder when 298 is divided by y.
13
Let m = -103 - -85. Calculate the remainder when 16 is divided by (7 + -9)/(2 - (-40)/m).
7
Let m(o) be the second derivative of o**5/20 - o**4/6 - o**3/6 - 3*o**2/2 + 2*o. Let t be m(3). What is the remainder when 15 is divided by t/(-6)*-18 + -1?
7
Let r = -771 + 779. What is the remainder when 637 is divided by r?
5
Calculate the remainder when (-7)/(-14)*-31*24/(-2) is divided by 27.
24
Suppose -7*j + 110 = 2*s - 11*j, 2*j - 125 = -3*s. Let l(n) = 11*n - 2. Let p be l(-2). Calculate the remainder when s is divided by p*(0 + 2 + -3).
21
Let s = -2 + 6. Suppose -7*y + s*y = -162. Suppose 2*r = -r + y. Calculate the remainder when r is divided by 10.
8
Let y(v) = v**3 + 40*v**2 - 9*v - 323. Calculate the remainder when 512 is divided by y(-40).
31
Let n = 2 - -3. Let a = -129 + 131. Suppose -3*t + 4*w = -157, 4*t + a*w = n*w + 207. What is the remainder when t is divided by 13?
12
Suppose 6*t - 25 = t. Suppose t*m - 140 = -20. What is the remainder when m is divided by (6 - 44/16)/((-2)/(-8))?
11
What is the remainder when 139 is divided by (-1)/(8/14 - (-306)/(-504))?
27
What is the remainder when 1 + 3 - (21 + -96) is divided by 60?
19
Let a = 7 + -8. Suppose -w + 23 = 2*j + 6, j = -5*w - 14. Calculate the remainder when (4 - 3)/(a/(-43)) is divided by j.
10
Suppose -3*m = 3*m. Suppose 0 = -5*n - m*h + 2*h + 59, -3*h = 4*n - 61. Calculate the remainder when 89 is divided by n.
11
Suppose 0 = m - 2*m + 175. Calculate the remainder when m is divided by 16.
15
Suppose 0 = 3*b + 4*j - 483, -4*b + 3*j + 644 = -2*j. Suppose 0 = -u - 6*u + b. What is the remainder when u is divided by 14?
9
Suppose 0 = 4*y - 5*g + 114, 4 = -g + 2. Let h = 74 + y. What is the remainder when 128 is divided by h?
42
Let r(y) = 2*y**2 - 13*y + 6. Let w be r(6). Suppose -p - 10*p + 319 = w. Calculate the remainder when 82 is divided by p.
24
What is the remainder when 296 is divided by 59/(-118)*(-51 - (-1)/1)?
21
Let u = -171 - -336. Let y be 393/4 + 4/(-16). Let k = 140 - y. Calculate the remainder when u is divided by k.
39
Suppose -h = -2*h - 3*a + 81, -5*h - 4*a + 394 = 0. What is the remainder when 135 is divided by h?
57
Let k = -588 + 716. Calculate the remainder when 254 is divided by k.
126
Suppose -630 = v + 9*v. Let l = v - -73. Calculate the remainder when 16 is divided by l.
6
Suppose 13 = -2*f + 3*m - 9, 3*m + 3 = -3*f. Let z = f + 10. Suppose -12 = r - q - 50, -2*r + 111 = z*q. What is the remainder when r is divided by 11?
10
Let s(m) be the first derivative of 6*m**2 - 53*m + 20. Calculate the remainder when s(12) is divided by 23.
22
Let t(n) = n**2 + n + 3. Let h be t(0). Suppose 0 = -0*p - h*p, z - 19 = p. Calculate the remainder when 3/(-3 - 0) - -57 is divided by z.
18
Let g = -59 - -134. Let d = g - 34. Calculate the remainder when d is divided by 14.
13
Let z = 247 - 231. What is the remainder when 26 is divided by z?
10
Let d(s) = 2*s**2 + 24*s + 4. What is the remainder when d(7) is divided by 13?
10
Let m(a) = -a**2 - a - 1. Let u(o) = -o**3 - 6*o**2 + 2*o - 7. Let q(i) = 5*m(i) - u(i). Calculate the remainder when q(5) is divided by 30.
27
Suppose 0 = 5*f + 13 - 33. Let d(p) = 4*p - 10. Let t be d(5). Let o = 13 - t. Calculate the remainder when f is divided by o.
1
Calculate the remainder when 31 is divided by ((-447)/(-21) - -3) + (-22)/77.
7
Let v(j) = j**3 + 6*j**2 - 9*j + 3. Let o = -14 + -3. Let g = o + 50. Calculate the remainder when g is divided by v(-7).
16
Suppose -z - 4*j = -338, -12*z - 5*j = -9*z - 979. Calculate the remainder when z is divided by 23.
19
Let x(c) = c**2 + 10*c + 19. Let a be x(-10). Let y(n) = -n + 27. Let d(z) = 15*z. What is the remainder when d(1) is divided by y(a)?
7
Let w(s) = -15*s - 130. What is the remainder when w(-25) is divided by 26?
11
What is the remainder when (-246)/12*(-15 - -1) is divided by 37?
28
Let n(c) = -c**2 - 15*c + 2. What is the remainder when 3 + 1 + 2 + -2 + -2 is divided by n(-15)?
0
What is the remainder when 51 is divided by -9 - (-4 + -6 + -7)?
3
Let q = 1 + -1. Suppose q*n - 4 = -5*y - 4*n, 16 = -4*n. Suppose 10*o + 7254 - 7424 = 0. What is the remainder when o is divided by y?
1
Let f = 407 - 244. Let x = -114 + f. Suppose 0*p - p + 17 = 0. Calculate the remainder when x is divided by p.
15
Suppose -4*v + 122 = -3*v. Suppose 2*d = d + 31. What is the remainder when d is divided by 3/4 - v/(-8)?
15
Let b = -1082 - -1085. What is the remainder when (-1)/(-1 + 28/29) is divided by b?
2
Let a = 83 + -79. Suppose -12*p - a = -160. Let i = -4 - -11. What is the remainder when p is divided by i?
6
Suppose -5*z = -3*l + 67, -l + z = -z - 23. Suppose -l = -2*m + 1. Let r(b) = 11*b**2 - 3*b + 1. What is the remainder when r(2) is divided by m?
9
Let t(g) = -4*g - 15. Let s(y) = -y - 10. Let k be s(-7). Let l(d) = -4*d - 15. Let r(f) = k*t(f) + 4*l(f). Calculate the remainder when r(-6) is divided by 3.
0
Suppose -204 = -5*b + 4*t, -7*b + 2*b - t + 224 = 0. What is the remainder when 305 is divided by b?
41
Let m = 397 - 382. Calculate the remainder when 3*(1 + 0 + 13) is divided by m.
12
Suppose -7*t = -4*t - 300. Suppose w + 3*w = t. Suppose 18 = 12*g - 858. Calculate the remainder when g is divided by w.
23
Let i(c) = -c**3 + 4*c**2 + 4*c + 7. Let p be i(4). Suppose p*o + 26 = 25*o. Suppose -5*k - 25 = -275. What is the remainder when k is divided by o?
11
Let y(g) = -7*g**2 - g - 3. Let v be y(-2). Let m = v + 48. Calculate the remainder when m is divided by 10.
9
Suppose -14 = 7*s - 2*s + 2*h, s = -3*h - 8. Let b be 2 + s - (-22 - -1). What is the remainder when 4 is divided by b/14 + (-3)/(-2)?
1
Suppose 7 = -2*c + 33. Suppose -c*t = -15*t + 34. Calculate the remainder when t is divided by 4.
1
Let q(r) = -r**3 - 12*r**2 - 20*r + 7. Calculate the remainder when q(-11) is divided by 31.
13
Suppose 0 = 2*t + 3*t - 15, -2*t - 24 = -2*w. Suppose -3 = v - 2*r, w = 2*r + 3*r. Calculate the remainder when (-4)/6 - (-118)/6 is divided by v.
1
Suppose g - 378 = -5*h + 2*h, -h = -g + 374. Let t(n) = -n**3 - 11*n**2 - 11*n. What is the remainder when g/21 - (-1)/7 is divided by t(-10)?
8
Let x = 41 + -44. Suppose 34 = 3*s - 11. What is the remainder when 2*((x + 25 - -1) + -1) is divided by s?
14
Let o(b) = -3*b**2 - 3*b - 2. Let i be o(-3). Let t = i + 38. Let z = 21 + t. Calculate the remainder when z is divided by 14.
11
What is the remainder when (-2)/(41 + -39 + 32/(-10))*15 is divided by (-1)/(-1) + 5 + 1?
4
Suppose 3*y + 11 = 4*l, -6 = -y - 4*l + 17. Let d = 19 - y. What is the remainder when d is divided by 5?
1
Suppose 0 = 3*b - 61 - 26. Suppose -2*j = -1 - 77. What is the remainder when b is divided by (-8)/(-40) + j/5?
5
Let b(g) = g**2 - 9*g + 19. Let t be b(6). Let y(r) = 4*r**3 + r**2 - 4*r + 2. What is the remainder when 11 is divided by y(t)?
2
Suppose -9*b + 10*b = -5*j + 38, 0 = -4*j + b + 34. Suppose 0 = -m + 23. What is the remainder when m is divided by j?
7
Let y(g) = 2*g**2 - 2*g - 2. Let s be 23/3 + 3/9. Suppose 11 - s = -z. What is the remainder when 65 is divided by y(z)?
21
Suppose 0 = 5*d - 5*l + l - 482, d - 8*l = 82. What is the remainder when 298 is divided by d?
4
Wh